{"id":8623,"date":"2024-04-01T10:29:33","date_gmt":"2024-04-01T10:29:33","guid":{"rendered":"https:\/\/www.dhenne-avocat.sea-dev-and-sun.fr\/?post_type=notre-equipe&#038;p=8623"},"modified":"2024-05-06T15:20:12","modified_gmt":"2024-05-06T15:20:12","slug":"benjamin-mollet-vieville","status":"publish","type":"notre-equipe","link":"https:\/\/www.dhenne-avocats.fr\/en\/team-french-patent-litigators\/benjamin-mollet-vieville\/","title":{"rendered":"Benjamin Mollet-Vi\u00e9ville"},"featured_media":9525,"parent":0,"template":"","class_list":["post-8623","notre-equipe","type-notre-equipe","status-publish","has-post-thumbnail","hentry"],"acf":[],"yoast_head":"<!-- This site is optimized with the Yoast SEO plugin v25.6 - https:\/\/yoast.com\/wordpress\/plugins\/seo\/ -->\n<title>Benjamin Mollet-Vi\u00e9ville - Dhenne Avocats<\/title>\n<meta name=\"description\" content=\"Benjamin Mollet-Vi\u00e9ville : D\u00e9couvrez l&#039;\u00e9quipe du cabinet Dhenne Avocats.\" \/>\n<meta name=\"robots\" content=\"index, follow, max-snippet:-1, max-image-preview:large, max-video-preview:-1\" \/>\n<link rel=\"canonical\" href=\"https:\/\/www.dhenne-avocats.fr\/en\/team-french-patent-litigators\/benjamin-mollet-vieville\/\" \/>\n<meta property=\"og:locale\" content=\"en_GB\" \/>\n<meta property=\"og:type\" content=\"article\" \/>\n<meta property=\"og:title\" content=\"Benjamin Mollet-Vi\u00e9ville - Dhenne Avocats\" \/>\n<meta property=\"og:description\" content=\"Benjamin Mollet-Vi\u00e9ville : D\u00e9couvrez l&#039;\u00e9quipe du cabinet Dhenne Avocats.\" \/>\n<meta property=\"og:url\" content=\"https:\/\/www.dhenne-avocats.fr\/en\/team-french-patent-litigators\/benjamin-mollet-vieville\/\" \/>\n<meta property=\"og:site_name\" content=\"Dhenne Avocats\" \/>\n<meta property=\"article:modified_time\" content=\"2024-05-06T15:20:12+00:00\" \/>\n<meta property=\"og:image\" content=\"https:\/\/www.dhenne-avocats.fr\/wp-content\/uploads\/2024\/04\/Benjamin-Mollet-Vieville-1.webp\" \/>\n\t<meta property=\"og:image:width\" content=\"400\" \/>\n\t<meta property=\"og:image:height\" content=\"401\" \/>\n\t<meta property=\"og:image:type\" content=\"image\/webp\" \/>\n<meta name=\"twitter:card\" content=\"summary_large_image\" \/>\n<meta name=\"twitter:label1\" content=\"Estimated reading time\" \/>\n\t<meta name=\"twitter:data1\" content=\"1 minute\" \/>\n<script type=\"application\/ld+json\" class=\"yoast-schema-graph\">{\"@context\":\"https:\/\/schema.org\",\"@graph\":[{\"@type\":\"WebPage\",\"@id\":\"https:\/\/www.dhenne-avocats.fr\/equipe-nos-avocats-brevets\/benjamin-mollet-vieville\/\",\"url\":\"https:\/\/www.dhenne-avocats.fr\/equipe-nos-avocats-brevets\/benjamin-mollet-vieville\/\",\"name\":\"Benjamin Mollet-Vi\u00e9ville - Dhenne Avocats\",\"isPartOf\":{\"@id\":\"https:\/\/www.dhenne-avocats.fr\/#website\"},\"primaryImageOfPage\":{\"@id\":\"https:\/\/www.dhenne-avocats.fr\/equipe-nos-avocats-brevets\/benjamin-mollet-vieville\/#primaryimage\"},\"image\":{\"@id\":\"https:\/\/www.dhenne-avocats.fr\/equipe-nos-avocats-brevets\/benjamin-mollet-vieville\/#primaryimage\"},\"thumbnailUrl\":\"https:\/\/www.dhenne-avocats.fr\/wp-content\/uploads\/2024\/04\/Benjamin-Mollet-Vieville-1.webp\",\"datePublished\":\"2024-04-01T10:29:33+00:00\",\"dateModified\":\"2024-05-06T15:20:12+00:00\",\"description\":\"Benjamin Mollet-Vi\u00e9ville : D\u00e9couvrez l'\u00e9quipe du cabinet Dhenne Avocats.\",\"breadcrumb\":{\"@id\":\"https:\/\/www.dhenne-avocats.fr\/equipe-nos-avocats-brevets\/benjamin-mollet-vieville\/#breadcrumb\"},\"inLanguage\":\"en-GB\",\"potentialAction\":[{\"@type\":\"ReadAction\",\"target\":[\"https:\/\/www.dhenne-avocats.fr\/equipe-nos-avocats-brevets\/benjamin-mollet-vieville\/\"]}]},{\"@type\":\"ImageObject\",\"inLanguage\":\"en-GB\",\"@id\":\"https:\/\/www.dhenne-avocats.fr\/equipe-nos-avocats-brevets\/benjamin-mollet-vieville\/#primaryimage\",\"url\":\"https:\/\/www.dhenne-avocats.fr\/wp-content\/uploads\/2024\/04\/Benjamin-Mollet-Vieville-1.webp\",\"contentUrl\":\"https:\/\/www.dhenne-avocats.fr\/wp-content\/uploads\/2024\/04\/Benjamin-Mollet-Vieville-1.webp\",\"width\":400,\"height\":401,\"caption\":\"Benjamin Mollet-Vi\u00e9ville\"},{\"@type\":\"BreadcrumbList\",\"@id\":\"https:\/\/www.dhenne-avocats.fr\/equipe-nos-avocats-brevets\/benjamin-mollet-vieville\/#breadcrumb\",\"itemListElement\":[{\"@type\":\"ListItem\",\"position\":1,\"name\":\"Accueil\",\"item\":\"https:\/\/www.dhenne-avocats.fr\/\"},{\"@type\":\"ListItem\",\"position\":2,\"name\":\"Benjamin Mollet-Vi\u00e9ville\"}]},{\"@type\":\"WebSite\",\"@id\":\"https:\/\/www.dhenne-avocats.fr\/#website\",\"url\":\"https:\/\/www.dhenne-avocats.fr\/\",\"name\":\"Dhenne Avocats\",\"description\":\"Cabinet d&#039;avocats en droit des brevets\",\"publisher\":{\"@id\":\"https:\/\/www.dhenne-avocats.fr\/#organization\"},\"potentialAction\":[{\"@type\":\"SearchAction\",\"target\":{\"@type\":\"EntryPoint\",\"urlTemplate\":\"https:\/\/www.dhenne-avocats.fr\/?s={search_term_string}\"},\"query-input\":{\"@type\":\"PropertyValueSpecification\",\"valueRequired\":true,\"valueName\":\"search_term_string\"}}],\"inLanguage\":\"en-GB\"},{\"@type\":\"Organization\",\"@id\":\"https:\/\/www.dhenne-avocats.fr\/#organization\",\"name\":\"Dhenne Avocats\",\"alternateName\":\"dhenne avocats\",\"url\":\"https:\/\/www.dhenne-avocats.fr\/\",\"logo\":{\"@type\":\"ImageObject\",\"inLanguage\":\"en-GB\",\"@id\":\"https:\/\/www.dhenne-avocats.fr\/#\/schema\/logo\/image\/\",\"url\":\"https:\/\/www.dhenne-avocats.fr\/wp-content\/uploads\/2024\/03\/cropped-DhenneAvocats_Favicon_RVB_FullColor-1.png\",\"contentUrl\":\"https:\/\/www.dhenne-avocats.fr\/wp-content\/uploads\/2024\/03\/cropped-DhenneAvocats_Favicon_RVB_FullColor-1.png\",\"width\":512,\"height\":512,\"caption\":\"Dhenne Avocats\"},\"image\":{\"@id\":\"https:\/\/www.dhenne-avocats.fr\/#\/schema\/logo\/image\/\"}}]}<\/script>\n<!-- \/ Yoast SEO plugin. -->","yoast_head_json":{"title":"Benjamin Mollet-Vi\u00e9ville - Dhenne Avocats","description":"Benjamin Mollet-Vi\u00e9ville : D\u00e9couvrez l'\u00e9quipe du cabinet Dhenne Avocats.","robots":{"index":"index","follow":"follow","max-snippet":"max-snippet:-1","max-image-preview":"max-image-preview:large","max-video-preview":"max-video-preview:-1"},"canonical":"https:\/\/www.dhenne-avocats.fr\/en\/team-french-patent-litigators\/benjamin-mollet-vieville\/","og_locale":"en_GB","og_type":"article","og_title":"Benjamin Mollet-Vi\u00e9ville - Dhenne Avocats","og_description":"Benjamin Mollet-Vi\u00e9ville : D\u00e9couvrez l'\u00e9quipe du cabinet Dhenne Avocats.","og_url":"https:\/\/www.dhenne-avocats.fr\/en\/team-french-patent-litigators\/benjamin-mollet-vieville\/","og_site_name":"Dhenne Avocats","article_modified_time":"2024-05-06T15:20:12+00:00","og_image":[{"width":400,"height":401,"url":"https:\/\/www.dhenne-avocats.fr\/wp-content\/uploads\/2024\/04\/Benjamin-Mollet-Vieville-1.webp","type":"image\/webp"}],"twitter_card":"summary_large_image","twitter_misc":{"Estimated reading time":"1 minute"},"schema":{"@context":"https:\/\/schema.org","@graph":[{"@type":"WebPage","@id":"https:\/\/www.dhenne-avocats.fr\/equipe-nos-avocats-brevets\/benjamin-mollet-vieville\/","url":"https:\/\/www.dhenne-avocats.fr\/equipe-nos-avocats-brevets\/benjamin-mollet-vieville\/","name":"Benjamin Mollet-Vi\u00e9ville - Dhenne Avocats","isPartOf":{"@id":"https:\/\/www.dhenne-avocats.fr\/#website"},"primaryImageOfPage":{"@id":"https:\/\/www.dhenne-avocats.fr\/equipe-nos-avocats-brevets\/benjamin-mollet-vieville\/#primaryimage"},"image":{"@id":"https:\/\/www.dhenne-avocats.fr\/equipe-nos-avocats-brevets\/benjamin-mollet-vieville\/#primaryimage"},"thumbnailUrl":"https:\/\/www.dhenne-avocats.fr\/wp-content\/uploads\/2024\/04\/Benjamin-Mollet-Vieville-1.webp","datePublished":"2024-04-01T10:29:33+00:00","dateModified":"2024-05-06T15:20:12+00:00","description":"Benjamin Mollet-Vi\u00e9ville : D\u00e9couvrez l'\u00e9quipe du cabinet Dhenne Avocats.","breadcrumb":{"@id":"https:\/\/www.dhenne-avocats.fr\/equipe-nos-avocats-brevets\/benjamin-mollet-vieville\/#breadcrumb"},"inLanguage":"en-GB","potentialAction":[{"@type":"ReadAction","target":["https:\/\/www.dhenne-avocats.fr\/equipe-nos-avocats-brevets\/benjamin-mollet-vieville\/"]}]},{"@type":"ImageObject","inLanguage":"en-GB","@id":"https:\/\/www.dhenne-avocats.fr\/equipe-nos-avocats-brevets\/benjamin-mollet-vieville\/#primaryimage","url":"https:\/\/www.dhenne-avocats.fr\/wp-content\/uploads\/2024\/04\/Benjamin-Mollet-Vieville-1.webp","contentUrl":"https:\/\/www.dhenne-avocats.fr\/wp-content\/uploads\/2024\/04\/Benjamin-Mollet-Vieville-1.webp","width":400,"height":401,"caption":"Benjamin Mollet-Vi\u00e9ville"},{"@type":"BreadcrumbList","@id":"https:\/\/www.dhenne-avocats.fr\/equipe-nos-avocats-brevets\/benjamin-mollet-vieville\/#breadcrumb","itemListElement":[{"@type":"ListItem","position":1,"name":"Accueil","item":"https:\/\/www.dhenne-avocats.fr\/"},{"@type":"ListItem","position":2,"name":"Benjamin Mollet-Vi\u00e9ville"}]},{"@type":"WebSite","@id":"https:\/\/www.dhenne-avocats.fr\/#website","url":"https:\/\/www.dhenne-avocats.fr\/","name":"Dhenne Avocats","description":"Cabinet d&#039;avocats en droit des brevets","publisher":{"@id":"https:\/\/www.dhenne-avocats.fr\/#organization"},"potentialAction":[{"@type":"SearchAction","target":{"@type":"EntryPoint","urlTemplate":"https:\/\/www.dhenne-avocats.fr\/?s={search_term_string}"},"query-input":{"@type":"PropertyValueSpecification","valueRequired":true,"valueName":"search_term_string"}}],"inLanguage":"en-GB"},{"@type":"Organization","@id":"https:\/\/www.dhenne-avocats.fr\/#organization","name":"Dhenne Avocats","alternateName":"dhenne avocats","url":"https:\/\/www.dhenne-avocats.fr\/","logo":{"@type":"ImageObject","inLanguage":"en-GB","@id":"https:\/\/www.dhenne-avocats.fr\/#\/schema\/logo\/image\/","url":"https:\/\/www.dhenne-avocats.fr\/wp-content\/uploads\/2024\/03\/cropped-DhenneAvocats_Favicon_RVB_FullColor-1.png","contentUrl":"https:\/\/www.dhenne-avocats.fr\/wp-content\/uploads\/2024\/03\/cropped-DhenneAvocats_Favicon_RVB_FullColor-1.png","width":512,"height":512,"caption":"Dhenne Avocats"},"image":{"@id":"https:\/\/www.dhenne-avocats.fr\/#\/schema\/logo\/image\/"}}]}},"_links":{"self":[{"href":"https:\/\/www.dhenne-avocats.fr\/en\/wp-json\/wp\/v2\/notre-equipe\/8623","targetHints":{"allow":["GET"]}}],"collection":[{"href":"https:\/\/www.dhenne-avocats.fr\/en\/wp-json\/wp\/v2\/notre-equipe"}],"about":[{"href":"https:\/\/www.dhenne-avocats.fr\/en\/wp-json\/wp\/v2\/types\/notre-equipe"}],"wp:featuredmedia":[{"embeddable":true,"href":"https:\/\/www.dhenne-avocats.fr\/en\/wp-json\/wp\/v2\/media\/9525"}],"wp:attachment":[{"href":"https:\/\/www.dhenne-avocats.fr\/en\/wp-json\/wp\/v2\/media?parent=8623"}],"curies":[{"name":"wp","href":"https:\/\/api.w.org\/{rel}","templated":true}]}}

Benjamin Mollet-Viéville

<!-- This site is optimized with the Yoast SEO plugin v25.6 - https://yoast.com/wordpress/plugins/seo/ -->
<title>Benjamin Mollet-Viéville - Dhenne Avocats</title>
<meta name="description" content="Benjamin Mollet-Viéville : Découvrez l&#039;équipe du cabinet Dhenne Avocats." />
<meta name="robots" content="index, follow, max-snippet:-1, max-image-preview:large, max-video-preview:-1" />
<link rel="canonical" href="https://www.dhenne-avocats.fr/en/team-french-patent-litigators/benjamin-mollet-vieville/" />
<meta property="og:locale" content="en_GB" />
<meta property="og:type" content="article" />
<meta property="og:title" content="Benjamin Mollet-Viéville - Dhenne Avocats" />
<meta property="og:description" content="Benjamin Mollet-Viéville : Découvrez l&#039;équipe du cabinet Dhenne Avocats." />
<meta property="og:url" content="https://www.dhenne-avocats.fr/en/team-french-patent-litigators/benjamin-mollet-vieville/" />
<meta property="og:site_name" content="Dhenne Avocats" />
<meta property="article:modified_time" content="2024-05-06T15:20:12+00:00" />
<meta property="og:image" content="https://www.dhenne-avocats.fr/wp-content/uploads/2024/04/Benjamin-Mollet-Vieville-1.webp" />
	<meta property="og:image:width" content="400" />
	<meta property="og:image:height" content="401" />
	<meta property="og:image:type" content="image/webp" />
<meta name="twitter:card" content="summary_large_image" />
<meta name="twitter:label1" content="Estimated reading time" />
	<meta name="twitter:data1" content="1 minute" />
<script type="application/ld+json" class="yoast-schema-graph">{"@context":"https://schema.org","@graph":[{"@type":"WebPage","@id":"https://www.dhenne-avocats.fr/equipe-nos-avocats-brevets/benjamin-mollet-vieville/","url":"https://www.dhenne-avocats.fr/equipe-nos-avocats-brevets/benjamin-mollet-vieville/","name":"Benjamin Mollet-Viéville - Dhenne Avocats","isPartOf":{"@id":"https://www.dhenne-avocats.fr/#website"},"primaryImageOfPage":{"@id":"https://www.dhenne-avocats.fr/equipe-nos-avocats-brevets/benjamin-mollet-vieville/#primaryimage"},"image":{"@id":"https://www.dhenne-avocats.fr/equipe-nos-avocats-brevets/benjamin-mollet-vieville/#primaryimage"},"thumbnailUrl":"https://www.dhenne-avocats.fr/wp-content/uploads/2024/04/Benjamin-Mollet-Vieville-1.webp","datePublished":"2024-04-01T10:29:33+00:00","dateModified":"2024-05-06T15:20:12+00:00","description":"Benjamin Mollet-Viéville : Découvrez l'équipe du cabinet Dhenne Avocats.","breadcrumb":{"@id":"https://www.dhenne-avocats.fr/equipe-nos-avocats-brevets/benjamin-mollet-vieville/#breadcrumb"},"inLanguage":"en-GB","potentialAction":[{"@type":"ReadAction","target":["https://www.dhenne-avocats.fr/equipe-nos-avocats-brevets/benjamin-mollet-vieville/"]}]},{"@type":"ImageObject","inLanguage":"en-GB","@id":"https://www.dhenne-avocats.fr/equipe-nos-avocats-brevets/benjamin-mollet-vieville/#primaryimage","url":"https://www.dhenne-avocats.fr/wp-content/uploads/2024/04/Benjamin-Mollet-Vieville-1.webp","contentUrl":"https://www.dhenne-avocats.fr/wp-content/uploads/2024/04/Benjamin-Mollet-Vieville-1.webp","width":400,"height":401,"caption":"Benjamin Mollet-Viéville"},{"@type":"BreadcrumbList","@id":"https://www.dhenne-avocats.fr/equipe-nos-avocats-brevets/benjamin-mollet-vieville/#breadcrumb","itemListElement":[{"@type":"ListItem","position":1,"name":"Accueil","item":"https://www.dhenne-avocats.fr/"},{"@type":"ListItem","position":2,"name":"Benjamin Mollet-Viéville"}]},{"@type":"WebSite","@id":"https://www.dhenne-avocats.fr/#website","url":"https://www.dhenne-avocats.fr/","name":"Dhenne Avocats","description":"Cabinet d&#039;avocats en droit des brevets","publisher":{"@id":"https://www.dhenne-avocats.fr/#organization"},"potentialAction":[{"@type":"SearchAction","target":{"@type":"EntryPoint","urlTemplate":"https://www.dhenne-avocats.fr/?s={search_term_string}"},"query-input":{"@type":"PropertyValueSpecification","valueRequired":true,"valueName":"search_term_string"}}],"inLanguage":"en-GB"},{"@type":"Organization","@id":"https://www.dhenne-avocats.fr/#organization","name":"Dhenne Avocats","alternateName":"dhenne avocats","url":"https://www.dhenne-avocats.fr/","logo":{"@type":"ImageObject","inLanguage":"en-GB","@id":"https://www.dhenne-avocats.fr/#/schema/logo/image/","url":"https://www.dhenne-avocats.fr/wp-content/uploads/2024/03/cropped-DhenneAvocats_Favicon_RVB_FullColor-1.png","contentUrl":"https://www.dhenne-avocats.fr/wp-content/uploads/2024/03/cropped-DhenneAvocats_Favicon_RVB_FullColor-1.png","width":512,"height":512,"caption":"Dhenne Avocats"},"image":{"@id":"https://www.dhenne-avocats.fr/#/schema/logo/image/"}}]}</script>
<!-- / Yoast SEO plugin. -->

Benjamin Mollet-Viéville - Dhenne Avocats

Benjamin Mollet-Viéville : Découvrez l'équipe du cabinet Dhenne Avocats.
